nder when 830 is divided by 170?
150
What is the remainder when 504 is divided by 202?
100
What is the remainder when 63 is divided by 30?
3
Calculate the remainder when 2148 is divided by 30.
18
What is the remainder when 1179 is divided by 176?
123
What is the remainder when 8581 is divided by 116?
113
Calculate the remainder when 955 is divided by 60.
55
Calculate the remainder when 305 is divided by 52.
45
Calculate the remainder when 6430 is divided by 59.
58
What is the remainder when 6389 is divided by 112?
5
What is the remainder when 89 is divided by 5?
4
Calculate the remainder when 593 is divided by 194.
11
Calculate the remainder when 458 is divided by 27.
26
What is the remainder when 445 is divided by 8?
5
What is the remainder when 1230 is divided by 615?
0
Calculate the remainder when 374 is divided by 126.
122
What is the remainder when 681 is divided by 37?
15
Calculate the remainder when 932 is divided by 14.
8
Calculate the remainder when 1826 is divided by 35.
6
Calculate the remainder when 759 is divided by 196.
171
What is the remainder when 200 is divided by 67?
66
What is the remainder when 86 is divided by 51?
35
What is the remainder when 1677 is divided by 80?
77
What is the remainder when 15876 is divided by 32?
4
What is the remainder when 938 is divided by 308?
14
Calculate the remainder when 178 is divided by 35.
3
What is the remainder when 30 is divided by 20?
10
Calculate the remainder when 2957 is divided by 227.
6
What is the remainder when 109 is divided by 18?
1
What is the remainder when 91 is divided by 40?
11
Calculate the remainder when 183 is divided by 63.
57
What is the remainder when 462 is divided by 31?
28
Calculate the remainder when 4577 is divided by 19.
17
What is the remainder when 196 is divided by 51?
43
Calculate the remainder when 502 is divided by 12.
10
What is the remainder when 2023 is divided by 25?
23
Calculate the remainder when 1034 is divided by 23.
22
What is the remainder when 155 is divided by 63?
29
Calculate the remainder when 234 is divided by 201.
33
Calculate the remainder when 32571 is divided by 267.
264
What is the remainder when 926 is divided by 32?
30
What is the remainder when 63 is divided by 11?
8
What is the remainder when 195 is divided by 54?
33
What is the remainder when 84 is divided by 21?
0
Calculate the remainder when 320 is divided by 85.
65
What is the remainder when 221 is divided by 45?
41
What is the remainder when 269 is divided by 5?
4
Calculate the remainder when 428 is divided by 94.
52
Calculate the remainder when 15 is divided by 12.
3
Calculate the remainder when 13020 is divided by 9.
6
Calculate the remainder when 573 is divided by 14.
13
What is the remainder when 1538 is divided by 2?
0
What is the remainder when 897 is divided by 31?
29
Calculate the remainder when 1617 is divided by 60.
57
Calculate the remainder when 125 is divided by 26.
21
Calculate the remainder when 1392 is divided by 100.
92
What is the remainder when 148 is divided by 23?
10
What is the remainder when 89 is divided by 29?
2
Calculate the remainder when 1644 is divided by 27.
24
What is the remainder when 2735 is divided by 68?
15
Calculate the remainder when 503 is divided by 56.
55
What is the remainder when 103 is divided by 56?
47
What is the remainder when 115 is divided by 9?
7
Calculate the remainder when 14512 is divided by 246.
244
Calculate the remainder when 362 is divided by 121.
120
Calculate the remainder when 113 is divided by 107.
6
Calculate the remainder when 368 is divided by 368.
0
Calculate the remainder when 280 is divided by 35.
0
What is the remainder when 1202 is divided by 95?
62
Calculate the remainder when 101 is divided by 45.
11
What is the remainder when 293 is divided by 21?
20
Calculate the remainder when 810 is divided by 270.
0
What is the remainder when 794 is divided by 53?
52
What is the remainder when 258 is divided by 13?
11
Calculate the remainder when 61 is divided by 20.
1
What is the remainder when 781 is divided by 36?
25
Calculate the remainder when 7739 is divided by 86.
85
What is the remainder when 835 is divided by 59?
9
What is the remainder when 728 is divided by 171?
44
Calculate the remainder when 452 is divided by 360.
92
Calculate the remainder when 671 is divided by 8.
7
Calculate the remainder when 4311 is divided by 216.
207
What is the remainder when 1009 is divided by 260?
229
Calculate the remainder when 235 is divided by 15.
10
Calculate the remainder when 1185 is divided by 33.
30
Calculate the remainder when 172 is divided by 74.
24
What is the remainder when 188 is divided by 10?
8
What is the remainder when 2775 is divided by 34?
21
Calculate the remainder when 79 is divided by 60.
19
What is the remainder when 8072 is divided by 2690?
2
What is the remainder when 172 is divided by 16?
12
Calculate the remainder when 53 is divided by 6.
5
Calculate the remainder when 432 is divided by 87.
84
What is the remainder when 55 is divided by 38?
17
What is the remainder when 123 is divided by 22?
13
Calculate the remainder when 3203 is divided by 44.
35
Calculate the remainder when 459 is divided by 26.
17
Calculate the remainder when 539 is divided by 258.
23
Calculate the remainder when 18 is divided by 11.
7
Calculate the remainder when 147 is divided by 10.
7
Calculate the remainder when 118 is divided by 46.
26
Calculate the remainder when 1139 is divided by 356.
71
Calculate the remainder when 280 is divided by 33.
16
What is the remainder when 20 is divided by 7?
6
What is the remainder when 384 is divided by 17?
10
Calculate the remainder when 203 is divided by 63.
14
What is the remainder when 144 is divided by 28?
4
Calculate the remainder when 228 is divided by 11.
8
What is the remainder when 32 is divided by 2?
0
Calculate the remainder when 107 is divided by 10.
7
What is the remainder when 175 is divided by 90?
85
Calculate the remainder when 1180 is divided by 232.
20
Calculate the remainder when 9 is divided by 5.
4
What is the remainder when 130 is divided by 7?
4
Calculate the remainder when 103 is divided by 24.
7
Calculate the remainder when 1866 is divided by 39.
33
What is the remainder when 227 is divided by 36?
11
Calculate the remainder when 126 is divided by 27.
18
Calculate the remainder when 167 is divided by 5.
2
Calculate the remainder when 247 is divided by 84.
79
What is the remainder when 135 is divided by 38?
21
What is the remainder when 924 is divided by 116?
112
What is the remainder when 2500 is divided by 824?
28
Calculate the remainder when 194 is divided by 83.
28
Calculate the remainder when 69 is divided by 36.
33
What is the remainder when 486 is divided by 61?
59
What is the remainder when 14209 is divided by 4733?
10
What is the remainder when 3130 is divided by 19?
14
What is the remainder when 143 is divided by 9?
8
Calculate the remainder when 5157 is divided by 15.
12
What is the remainder when 342 is divided by 140?
62
Calculate the remainder when 118 is divided by 24.
22
What is the remainder when 187 is divided by 26?
5
Calculate the remainder when 472 is divided by 95.
92
What is the remainder when 400 is divided by 81?
76
What is the remainder when 105 is divided by 62?
43
What is the remainder when 3335 is divided by 665?
10
Calculate the remainder when 12907 is divided by 28.
27
What is the remainder when 626 is divided by 156?
2
Calculate the remainder when 1430 is divided by 159.
158
What is the remainder when 249 is divided by 64?
57
What is the remainder when 573 is divided by 96?
93
What is the remainder when 160 is divided by 47?
19
Calculate the remainder when 4627 is divided by 26.
25
Calculate the remainder when 208 is divided by 71.
66
Calculate the remainder when 406 is divided by 68.
66
Calculate the remainder when 18 is divided by 7.
4
What is the remainder when 1940 is divided by 54?
50
What is the remainder when 684 is divided by 174?
162
What is the remainder when 2507 is divided by 157?
152
Calculate the remainder when 7513 is divided by 17.
16
What is the remainder when 1194 is divided by 59?
14
What is the remainder when 747 is divided by 125?
122
What is the remainder when 690 is divided by 105?
60
What is the remainder wh